ighest common factor of 5616 and 85806?
54
Calculate the greatest common divisor of 5320 and 4233880.
280
What is the highest common factor of 23424 and 21656586?
366
Calculate the highest common factor of 327435 and 13676.
263
Calculate the greatest common factor of 172 and 1121536062.
86
What is the greatest common factor of 101956200 and 4739?
677
Calculate the highest common divisor of 663495 and 32589.
213
What is the greatest common divisor of 14329 and 24513860?
161
What is the highest common factor of 256 and 1567808?
64
What is the highest common divisor of 8708685 and 105?
15
Calculate the highest common divisor of 13872 and 131596728.
6936
Calculate the greatest common divisor of 820 and 471642065.
205
What is the highest common factor of 3075796 and 76?
76
What is the highest common divisor of 34937644 and 966?
322
What is the highest common factor of 47042841 and 12806?
6403
What is the greatest common divisor of 142 and 1506680066?
142
What is the highest common divisor of 104652 and 5381180?
1292
Calculate the highest common divisor of 560136 and 5024.
8
Calculate the highest common divisor of 16665 and 3336030.
1515
What is the highest common divisor of 7340487 and 5676?
1419
What is the greatest common divisor of 342554 and 34574?
118
Calculate the highest common divisor of 10171330 and 2080.
130
What is the greatest common divisor of 1220 and 762668?
4
Calculate the highest common divisor of 2846 and 347519368.
2846
What is the greatest common factor of 902 and 27372994?
902
Calculate the highest common divisor of 2684331 and 78.
39
Calculate the greatest common divisor of 2108594 and 24334.
1058
Calculate the highest common factor of 1765035468 and 63.
63
What is the greatest common divisor of 242 and 38579882?
242
Calculate the highest common divisor of 68 and 14400105.
17
Calculate the highest common factor of 16846292 and 8684.
668
Calculate the greatest common factor of 3658083 and 286.
143
Calculate the greatest common factor of 43030 and 6825220.
3310
What is the greatest common divisor of 170382 and 691456?
146
What is the greatest common factor of 38835948 and 84?
12
What is the highest common factor of 45945 and 2055?
15
What is the greatest common factor of 323561 and 1904?
119
What is the highest common factor of 1751132000 and 6880?
6880
Calculate the highest common factor of 18494 and 241.
1
What is the highest common divisor of 27456991 and 201057?
2311
What is the highest common factor of 840004 and 207196?
748
Calculate the greatest common factor of 10464 and 286193016.
2616
What is the greatest common divisor of 116 and 2095946?
58
Calculate the greatest common factor of 16532789 and 6069.
119
What is the greatest common divisor of 57785930 and 114120?
3170
What is the highest common divisor of 11162285 and 595?
85
Calculate the greatest common divisor of 3092229 and 63.
63
What is the highest common divisor of 8236 and 31996?
4
Calculate the greatest common factor of 3160 and 3688115.
395
Calculate the greatest common factor of 390267 and 104751.
927
What is the greatest common divisor of 8169660 and 26650?
410
What is the greatest common factor of 280 and 8436344?
56
What is the highest common divisor of 932 and 283582669?
233
Calculate the highest common divisor of 1956 and 33053466.
978
Calculate the highest common divisor of 23444309 and 178619.
2261
What is the greatest common factor of 459999 and 8559?
27
What is the highest common factor of 6298 and 656960125?
3149
What is the greatest common divisor of 29659734 and 234?
234
Calculate the greatest common divisor of 424102 and 4.
2
What is the highest common factor of 870006 and 15438?
498
What is the greatest common factor of 780285 and 4125?
165
What is the greatest common factor of 227 and 1567?
1
Calculate the highest common divisor of 732 and 340386.
6
What is the highest common factor of 1399312 and 152?
152
Calculate the highest common divisor of 880 and 5453480.
40
What is the highest common factor of 36417 and 5975373?
597
What is the highest common divisor of 15352 and 1245336?
152
What is the highest common divisor of 92 and 141788123?
23
What is the highest common divisor of 7452 and 248308?
92
Calculate the highest common factor of 5 and 2707895.
5
What is the greatest common factor of 658685 and 52?
1
What is the highest common divisor of 95576 and 104508680?
7352
Calculate the highest common divisor of 671011945 and 6155.
6155
Calculate the highest common factor of 345 and 76954830.
15
What is the greatest common factor of 449374 and 4830?
46
Calculate the highest common factor of 1619 and 182681484.
1619
What is the highest common divisor of 9741705 and 22700?
1135
What is the greatest common divisor of 1025775 and 31275?
225
Calculate the greatest common factor of 242 and 729216785.
121
What is the greatest common factor of 25123 and 1286342?
37
What is the highest common divisor of 72498 and 5664906?
258
What is the highest common factor of 43101 and 30060553?
4789
Calculate the greatest common divisor of 3636 and 1457748.
36
What is the greatest common divisor of 1916 and 351283272?
1916
Calculate the greatest common divisor of 5010 and 1994982.
1002
What is the highest common factor of 11520 and 237184?
128
What is the greatest common divisor of 30 and 109376610?
30
What is the highest common divisor of 24 and 23964792?
24
What is the greatest common factor of 8779160 and 1032?
8
What is the highest common factor of 54282125 and 90891?
10099
What is the highest common factor of 71511 and 1276671?
363
What is the highest common divisor of 4923 and 23704792?
547
Calculate the greatest common divisor of 37599 and 10707.
249
Calculate the highest common divisor of 58304 and 963838.
1822
Calculate the greatest common factor of 83 and 6256374.
83
What is the highest common factor of 3950316 and 5214?
474
Calculate the greatest common divisor of 1590930 and 1980.
990
What is the highest common divisor of 580 and 76722110?
290
Calculate the highest common factor of 369 and 9732785.
41
What is the highest common divisor of 191583260 and 220?
220
Calculate the greatest common divisor of 1250148 and 96.
12
Calculate the greatest common factor of 3852 and 20660844.
1284
Calculate the greatest common factor of 361646 and 5035.
19
Calculate the greatest common factor of 1843 and 78972550.
1843
Calculate the highest common divisor of 337271759 and 3113.
3113
What is the highest common divisor of 24 and 12314272?
8
Calculate the greatest common factor of 1614260 and 364.
4
What is the highest common factor of 1853 and 408731?
17
What is the greatest common divisor of 40 and 153994840?
40
Calculate the greatest common divisor of 2904 and 787809.
33
Calculate the greatest common divisor of 4321303 and 21.
7
Calculate the greatest common divisor of 2988396 and 649953.
2313
Calculate the highest common divisor of 41392430 and 40.
10
What is the highest common divisor of 14373968 and 784?
112
Calculate the greatest common factor of 240 and 12860056.
8
Calculate the highest common factor of 4888 and 1974611.
47
What is the greatest common divisor of 171 and 77094?
9
Calculate the highest common factor of 55 and 1080155.
5
What is the greatest common divisor of 1208 and 230476?
4
What is the greatest common divisor of 2413164 and 923676?
4836
What is the highest common factor of 2812 and 85851248?
148
Calculate the highest common divisor of 31377264 and 112.
16
Calculate the highest common divisor of 219 and 2757602448.
219
Calculate the greatest common divisor of 972 and 5592876.
12
Calculate the highest common divisor of 57552 and 2661648.
528
What is the greatest common divisor of 5324787 and 568?
71
Calculate the greatest common factor of 85 and 2616487.
17
What is the highest common factor of 48827501 and 10003?
1429
What is the highest common factor of 615344298 and 114?
114
What is the greatest common factor of 1238299 and 73?
73
What is the greatest common factor of 903 and 5332593?
21
Calculate the highest common divisor of 10574665 and 10.
5
Calculate the greatest common divisor of 21482 and 1925836.
46
What is the greatest common divisor of 77 and 18150748?
77
Calculate the highest common divisor of 26392 and 194056.
8
Calculate the highe